{"id":3796,"date":"2020-07-08T13:25:13","date_gmt":"2020-07-08T11:25:13","guid":{"rendered":"http:\/\/jeunes-ailes.asso.fr\/site\/?post_type=product&#038;p=3796"},"modified":"2025-04-20T19:02:06","modified_gmt":"2025-04-20T17:02:06","slug":"flamme-jeunes-ailes-follow-your-dreams","status":"publish","type":"product","link":"https:\/\/jeunes-ailes.asso.fr\/site\/index.php\/produit\/flamme-jeunes-ailes-follow-your-dreams\/","title":{"rendered":"Flamme Jeunes Ailes &#8220;Follow your Dreams&#8221;"},"content":{"rendered":"","protected":false},"excerpt":{"rendered":"<div class=\"InteractiveRow--Cell\" role=\"cell\">\n<div class=\"PricingGroups--Tier\">\n<div class=\"InteractiveRow--Cell\" role=\"cell\">\n<div class=\"PricingGroups--Tier\">\n<div class=\"InteractiveRow--Cell\" role=\"cell\">\n<div class=\"PricingGroups--Tier\">\n<div class=\"InteractiveRow--Cell\" role=\"cell\">\n<div class=\"PricingGroups--Tier\">\n<div class=\"InteractiveRow--Cell\" role=\"cell\">\n<div class=\"PricingGroups--Tier\">\n<div class=\"InteractiveRow--Cell\" role=\"cell\">\n<div class=\"PricingGroups--Tier\">\n<div class=\"PricingGroups--Tier-Description\">La c\u00e9l\u00e8bre flamme Remove Before Flight aux couleurs de Jeunes Ailes.<\/div>\n<\/div>\n<\/div>\n<\/div>\n<\/div>\n<\/div>\n<\/div>\n<\/div>\n<\/div>\n<\/div>\n<\/div>\n<\/div>\n<\/div>\n<p>Une flamme de qualit\u00e9 r\u00e9alis\u00e9e en tissage (plus de d\u00e9tails qu&#8217;en broderie) avec un renfort sur l&#8217;attache pour une meilleure durabilit\u00e9 !<\/p>\n","protected":false},"featured_media":3964,"comment_status":"open","ping_status":"closed","template":"","meta":{"_mi_skip_tracking":false},"product_cat":[231],"product_tag":[],"class_list":["post-3796","product","type-product","status-publish","has-post-thumbnail","hentry","product_cat-goodies"],"yoast_head":"<!-- This site is optimized with the Yoast SEO plugin v17.8 - https:\/\/yoast.com\/wordpress\/plugins\/seo\/ -->\n<title>Flamme Jeunes Ailes &quot;Follow your Dreams&quot; - Jeunes Ailes<\/title>\n<meta name=\"robots\" content=\"index, follow, max-snippet:-1, max-image-preview:large, max-video-preview:-1\" \/>\n<link rel=\"canonical\" href=\"https:\/\/jeunes-ailes.asso.fr\/site\/index.php\/produit\/flamme-jeunes-ailes-follow-your-dreams\/\" \/>\n<meta property=\"og:locale\" content=\"fr_FR\" \/>\n<meta property=\"og:type\" content=\"article\" \/>\n<meta property=\"og:title\" content=\"Flamme Jeunes Ailes &quot;Follow your Dreams&quot; - Jeunes Ailes\" \/>\n<meta property=\"og:description\" content=\"La c\u00e9l\u00e8bre flamme Remove Before Flight aux couleurs de Jeunes Ailes.             Une flamme de qualit\u00e9 r\u00e9alis\u00e9e en tissage (plus de d\u00e9tails qu&#039;en broderie) avec un renfort sur l&#039;attache pour une meilleure durabilit\u00e9 !\" \/>\n<meta property=\"og:url\" content=\"https:\/\/jeunes-ailes.asso.fr\/site\/index.php\/produit\/flamme-jeunes-ailes-follow-your-dreams\/\" \/>\n<meta property=\"og:site_name\" content=\"Jeunes Ailes\" \/>\n<meta property=\"article:publisher\" content=\"https:\/\/fr-fr.facebook.com\/groups\/jeunesailes\" \/>\n<meta property=\"article:modified_time\" content=\"2025-04-20T17:02:06+00:00\" \/>\n<meta property=\"og:image\" content=\"https:\/\/jeunes-ailes.asso.fr\/site\/wp-content\/uploads\/2020\/07\/2989122D-0EA3-4E41-8B4B-0C16A8E73017-1024x795.png\" \/>\n\t<meta property=\"og:image:width\" content=\"1024\" \/>\n\t<meta property=\"og:image:height\" content=\"795\" \/>\n<meta name=\"twitter:card\" content=\"summary_large_image\" \/>\n<script type=\"application\/ld+json\" class=\"yoast-schema-graph\">{\"@context\":\"https:\/\/schema.org\",\"@graph\":[{\"@type\":\"Organization\",\"@id\":\"https:\/\/jeunes-ailes.asso.fr\/site\/#organization\",\"name\":\"Jeunes Ailes\",\"url\":\"https:\/\/jeunes-ailes.asso.fr\/site\/\",\"sameAs\":[\"https:\/\/fr-fr.facebook.com\/groups\/jeunesailes\",\"https:\/\/www.instagram.com\/jeunes_ailes_association\/\",\"https:\/\/www.linkedin.com\/company\/jeunes-ailes\",\"https:\/\/www.youtube.com\/playlist?list=PLMEx60-fXLQt8yMxQ0iUZznXvUdgvr6WR\",\"https:\/\/fr.wikipedia.org\/wiki\/JA\"],\"logo\":{\"@type\":\"ImageObject\",\"@id\":\"https:\/\/jeunes-ailes.asso.fr\/site\/#logo\",\"inLanguage\":\"fr-FR\",\"url\":\"https:\/\/jeunes-ailes.asso.fr\/site\/wp-content\/uploads\/2018\/05\/logo-jeunes-ailes.png\",\"contentUrl\":\"https:\/\/jeunes-ailes.asso.fr\/site\/wp-content\/uploads\/2018\/05\/logo-jeunes-ailes.png\",\"width\":500,\"height\":464,\"caption\":\"Jeunes Ailes\"},\"image\":{\"@id\":\"https:\/\/jeunes-ailes.asso.fr\/site\/#logo\"}},{\"@type\":\"WebSite\",\"@id\":\"https:\/\/jeunes-ailes.asso.fr\/site\/#website\",\"url\":\"https:\/\/jeunes-ailes.asso.fr\/site\/\",\"name\":\"Jeunes Ailes\",\"description\":\"le site officiel de l&#039;association Jeunes Ailes, les passionn\\u00e9s d&#039;a\\u00e9ronautique\",\"publisher\":{\"@id\":\"https:\/\/jeunes-ailes.asso.fr\/site\/#organization\"},\"potentialAction\":[{\"@type\":\"SearchAction\",\"target\":{\"@type\":\"EntryPoint\",\"urlTemplate\":\"https:\/\/jeunes-ailes.asso.fr\/site\/?s={search_term_string}\"},\"query-input\":\"required name=search_term_string\"}],\"inLanguage\":\"fr-FR\"},{\"@type\":\"ImageObject\",\"@id\":\"https:\/\/jeunes-ailes.asso.fr\/site\/index.php\/produit\/flamme-jeunes-ailes-follow-your-dreams\/#primaryimage\",\"inLanguage\":\"fr-FR\",\"url\":\"https:\/\/jeunes-ailes.asso.fr\/site\/wp-content\/uploads\/2020\/07\/2989122D-0EA3-4E41-8B4B-0C16A8E73017.png\",\"contentUrl\":\"https:\/\/jeunes-ailes.asso.fr\/site\/wp-content\/uploads\/2020\/07\/2989122D-0EA3-4E41-8B4B-0C16A8E73017.png\",\"width\":2319,\"height\":1800},{\"@type\":\"WebPage\",\"@id\":\"https:\/\/jeunes-ailes.asso.fr\/site\/index.php\/produit\/flamme-jeunes-ailes-follow-your-dreams\/#webpage\",\"url\":\"https:\/\/jeunes-ailes.asso.fr\/site\/index.php\/produit\/flamme-jeunes-ailes-follow-your-dreams\/\",\"name\":\"Flamme Jeunes Ailes \\\"Follow your Dreams\\\" - Jeunes Ailes\",\"isPartOf\":{\"@id\":\"https:\/\/jeunes-ailes.asso.fr\/site\/#website\"},\"primaryImageOfPage\":{\"@id\":\"https:\/\/jeunes-ailes.asso.fr\/site\/index.php\/produit\/flamme-jeunes-ailes-follow-your-dreams\/#primaryimage\"},\"datePublished\":\"2020-07-08T11:25:13+00:00\",\"dateModified\":\"2025-04-20T17:02:06+00:00\",\"breadcrumb\":{\"@id\":\"https:\/\/jeunes-ailes.asso.fr\/site\/index.php\/produit\/flamme-jeunes-ailes-follow-your-dreams\/#breadcrumb\"},\"inLanguage\":\"fr-FR\",\"potentialAction\":[{\"@type\":\"ReadAction\",\"target\":[\"https:\/\/jeunes-ailes.asso.fr\/site\/index.php\/produit\/flamme-jeunes-ailes-follow-your-dreams\/\"]}]},{\"@type\":\"BreadcrumbList\",\"@id\":\"https:\/\/jeunes-ailes.asso.fr\/site\/index.php\/produit\/flamme-jeunes-ailes-follow-your-dreams\/#breadcrumb\",\"itemListElement\":[{\"@type\":\"ListItem\",\"position\":1,\"name\":\"Home\",\"item\":\"https:\/\/jeunes-ailes.asso.fr\/site\/\"},{\"@type\":\"ListItem\",\"position\":2,\"name\":\"Passer commande\",\"item\":\"https:\/\/jeunes-ailes.asso.fr\/site\/index.php\/passer-commande\/\"},{\"@type\":\"ListItem\",\"position\":3,\"name\":\"Flamme Jeunes Ailes &#8220;Follow your Dreams&#8221;\"}]}]}<\/script>\n<!-- \/ Yoast SEO plugin. -->","yoast_head_json":{"title":"Flamme Jeunes Ailes \"Follow your Dreams\" - Jeunes Ailes","robots":{"index":"index","follow":"follow","max-snippet":"max-snippet:-1","max-image-preview":"max-image-preview:large","max-video-preview":"max-video-preview:-1"},"canonical":"https:\/\/jeunes-ailes.asso.fr\/site\/index.php\/produit\/flamme-jeunes-ailes-follow-your-dreams\/","og_locale":"fr_FR","og_type":"article","og_title":"Flamme Jeunes Ailes \"Follow your Dreams\" - Jeunes Ailes","og_description":"La c\u00e9l\u00e8bre flamme Remove Before Flight aux couleurs de Jeunes Ailes.             Une flamme de qualit\u00e9 r\u00e9alis\u00e9e en tissage (plus de d\u00e9tails qu'en broderie) avec un renfort sur l'attache pour une meilleure durabilit\u00e9 !","og_url":"https:\/\/jeunes-ailes.asso.fr\/site\/index.php\/produit\/flamme-jeunes-ailes-follow-your-dreams\/","og_site_name":"Jeunes Ailes","article_publisher":"https:\/\/fr-fr.facebook.com\/groups\/jeunesailes","article_modified_time":"2025-04-20T17:02:06+00:00","og_image":[{"width":1024,"height":795,"url":"https:\/\/jeunes-ailes.asso.fr\/site\/wp-content\/uploads\/2020\/07\/2989122D-0EA3-4E41-8B4B-0C16A8E73017-1024x795.png","type":"image\/png"}],"twitter_card":"summary_large_image","schema":{"@context":"https:\/\/schema.org","@graph":[{"@type":"Organization","@id":"https:\/\/jeunes-ailes.asso.fr\/site\/#organization","name":"Jeunes Ailes","url":"https:\/\/jeunes-ailes.asso.fr\/site\/","sameAs":["https:\/\/fr-fr.facebook.com\/groups\/jeunesailes","https:\/\/www.instagram.com\/jeunes_ailes_association\/","https:\/\/www.linkedin.com\/company\/jeunes-ailes","https:\/\/www.youtube.com\/playlist?list=PLMEx60-fXLQt8yMxQ0iUZznXvUdgvr6WR","https:\/\/fr.wikipedia.org\/wiki\/JA"],"logo":{"@type":"ImageObject","@id":"https:\/\/jeunes-ailes.asso.fr\/site\/#logo","inLanguage":"fr-FR","url":"https:\/\/jeunes-ailes.asso.fr\/site\/wp-content\/uploads\/2018\/05\/logo-jeunes-ailes.png","contentUrl":"https:\/\/jeunes-ailes.asso.fr\/site\/wp-content\/uploads\/2018\/05\/logo-jeunes-ailes.png","width":500,"height":464,"caption":"Jeunes Ailes"},"image":{"@id":"https:\/\/jeunes-ailes.asso.fr\/site\/#logo"}},{"@type":"WebSite","@id":"https:\/\/jeunes-ailes.asso.fr\/site\/#website","url":"https:\/\/jeunes-ailes.asso.fr\/site\/","name":"Jeunes Ailes","description":"le site officiel de l&#039;association Jeunes Ailes, les passionn\u00e9s d&#039;a\u00e9ronautique","publisher":{"@id":"https:\/\/jeunes-ailes.asso.fr\/site\/#organization"},"potentialAction":[{"@type":"SearchAction","target":{"@type":"EntryPoint","urlTemplate":"https:\/\/jeunes-ailes.asso.fr\/site\/?s={search_term_string}"},"query-input":"required name=search_term_string"}],"inLanguage":"fr-FR"},{"@type":"ImageObject","@id":"https:\/\/jeunes-ailes.asso.fr\/site\/index.php\/produit\/flamme-jeunes-ailes-follow-your-dreams\/#primaryimage","inLanguage":"fr-FR","url":"https:\/\/jeunes-ailes.asso.fr\/site\/wp-content\/uploads\/2020\/07\/2989122D-0EA3-4E41-8B4B-0C16A8E73017.png","contentUrl":"https:\/\/jeunes-ailes.asso.fr\/site\/wp-content\/uploads\/2020\/07\/2989122D-0EA3-4E41-8B4B-0C16A8E73017.png","width":2319,"height":1800},{"@type":"WebPage","@id":"https:\/\/jeunes-ailes.asso.fr\/site\/index.php\/produit\/flamme-jeunes-ailes-follow-your-dreams\/#webpage","url":"https:\/\/jeunes-ailes.asso.fr\/site\/index.php\/produit\/flamme-jeunes-ailes-follow-your-dreams\/","name":"Flamme Jeunes Ailes \"Follow your Dreams\" - Jeunes Ailes","isPartOf":{"@id":"https:\/\/jeunes-ailes.asso.fr\/site\/#website"},"primaryImageOfPage":{"@id":"https:\/\/jeunes-ailes.asso.fr\/site\/index.php\/produit\/flamme-jeunes-ailes-follow-your-dreams\/#primaryimage"},"datePublished":"2020-07-08T11:25:13+00:00","dateModified":"2025-04-20T17:02:06+00:00","breadcrumb":{"@id":"https:\/\/jeunes-ailes.asso.fr\/site\/index.php\/produit\/flamme-jeunes-ailes-follow-your-dreams\/#breadcrumb"},"inLanguage":"fr-FR","potentialAction":[{"@type":"ReadAction","target":["https:\/\/jeunes-ailes.asso.fr\/site\/index.php\/produit\/flamme-jeunes-ailes-follow-your-dreams\/"]}]},{"@type":"BreadcrumbList","@id":"https:\/\/jeunes-ailes.asso.fr\/site\/index.php\/produit\/flamme-jeunes-ailes-follow-your-dreams\/#breadcrumb","itemListElement":[{"@type":"ListItem","position":1,"name":"Home","item":"https:\/\/jeunes-ailes.asso.fr\/site\/"},{"@type":"ListItem","position":2,"name":"Passer commande","item":"https:\/\/jeunes-ailes.asso.fr\/site\/index.php\/passer-commande\/"},{"@type":"ListItem","position":3,"name":"Flamme Jeunes Ailes &#8220;Follow your Dreams&#8221;"}]}]}},"_links":{"self":[{"href":"https:\/\/jeunes-ailes.asso.fr\/site\/index.php\/wp-json\/wp\/v2\/product\/3796","targetHints":{"allow":["GET"]}}],"collection":[{"href":"https:\/\/jeunes-ailes.asso.fr\/site\/index.php\/wp-json\/wp\/v2\/product"}],"about":[{"href":"https:\/\/jeunes-ailes.asso.fr\/site\/index.php\/wp-json\/wp\/v2\/types\/product"}],"replies":[{"embeddable":true,"href":"https:\/\/jeunes-ailes.asso.fr\/site\/index.php\/wp-json\/wp\/v2\/comments?post=3796"}],"wp:featuredmedia":[{"embeddable":true,"href":"https:\/\/jeunes-ailes.asso.fr\/site\/index.php\/wp-json\/wp\/v2\/media\/3964"}],"wp:attachment":[{"href":"https:\/\/jeunes-ailes.asso.fr\/site\/index.php\/wp-json\/wp\/v2\/media?parent=3796"}],"wp:term":[{"taxonomy":"product_cat","embeddable":true,"href":"https:\/\/jeunes-ailes.asso.fr\/site\/index.php\/wp-json\/wp\/v2\/product_cat?post=3796"},{"taxonomy":"product_tag","embeddable":true,"href":"https:\/\/jeunes-ailes.asso.fr\/site\/index.php\/wp-json\/wp\/v2\/product_tag?post=3796"}],"curies":[{"name":"wp","href":"https:\/\/api.w.org\/{rel}","templated":true}]}}